p = 9 - 5. Suppose 3*m - p = 2. Calculate the highest common divisor of m and 4.
2
Let i(g) = -g**2 + 7*g - 6. Suppose -2*v + 8 = -2. Let a be i(v). Suppose 58 = -u + 4*u + a*n, -2*u = -n - 24. What is the greatest common factor of u and 21?
7
Suppose 5*b - 30 = -0*b - 2*f, 0 = 4*b + f - 24. What is the greatest common divisor of 12 and b?
6
Let h be 1/(0 + 1/13). Suppose -4*k - 3*u = -4 - 16, 0 = -5*k - 2*u + 25. Let m be (-18)/45 + 457/k. Calculate the highest common divisor of h and m.
13
Let k = -5 + 5. Let q be (3 - k)*(-4)/(-6). Let s be q + 5 + -1 + 2. Calculate the highest common divisor of s and 16.
8
Suppose a - 3*a - 4 = 0, -5*a = -g + 38. Let b = g - 3. Calculate the highest common divisor of b and 5.
5
Let z = 248 + -83. Suppose -3*m + 3*v = -z - 192, 5*m = -v + 583. Calculate the highest common factor of 13 and m.
13
Suppose -5*m + 126 = -54. Let n(o) = -4*o**2. Let j be n(1). Let a(l) = -l**3 - l**2 - 2*l - 2. Let y be a(j). Calculate the highest common factor of y and m.
18
Suppose j + 4*j = 90. Calculate the greatest common factor of j and 9.
9
Let d = 194 + -117. What is the highest common divisor of d and 7?
7
Suppose 10 = 2*u - 8. What is the greatest common factor of 9 and u?
9
Let t be ((-16)/20)/((-1)/30). Suppose 0 = -r - 3*r + 104. Suppose -r - 94 = -5*o. Calculate the greatest common divisor of t and o.
24
Let u(i) = i**3 + 14*i**2 + 13*i + 4. Let y be u(-13). Let x be y + 0/2 - -2. What is the greatest common divisor of 15 and x?
3
Let g(p) = p**3 + 6*p**2 + 6*p + 6. Let s be g(-5). Let k be (3/(-12))/(1/(-4)). Let c = k - -7. What is the highest common factor of s and c?
1
Suppose -4*b = -3*b - 8. Let p = 5 - 12. Let u be p/28 + 18/b. Calculate the greatest common factor of 6 and u.
2
Let k be ((-70)/28)/(5/(-4)). Let s be (-5)/(-2) - 1/(-2). What is the greatest common divisor of k and s?
1
Suppose 0 = -n - 7 + 42. Suppose s - 35 = n. Calculate the highest common factor of 14 and s.
14
Let v be 2/(-4)*(-2 + 2). Suppose v = -2*u + 4*u. Suppose 4*z - 2*n + u*n = 46, 5*z + 4*n - 64 = 0. Calculate the highest common divisor of z and 18.
6
Let i = 3 + 9. Let u be 30*(32/i - 2). Calculate the highest common factor of u and 10.
10
Suppose -2*g = -g - 13. Let h = -7 + g. Calculate the highest common divisor of h and 6.
6
Suppose 2*a + 12 = -2*f - 2*f, -4*a + f + 3 = 0. Suppose -4*m + 3*l + 93 = 0, m + 0*l + 2*l - 37 = a. Calculate the greatest common divisor of 3 and m.
3
Let j(g) = -g**2 + 7*g. Let h be j(6). Let u be (30/(-9))/((-4)/h). Calculate the greatest common divisor of u and 1.
1
Suppose -b + 21 = 2*b. Let o = b + 6. Suppose 0 = 2*c - c - 4*v - 65, 3*v = 0. Calculate the highest common divisor of o and c.
13
Let x = 40 - 34. What is the highest common divisor of x and 66?
6
Let y(q) = q**2 - 5*q + 6. Let l(b) = -b**3 + 10 + 0*b**2 - b**2 - 3. Let g be l(0). Let a be y(g). What is the greatest common factor of 10 and a?
10
Let u be (1 - 3) + 73*2. Let k be -6*(-6)/(-4)*-3. Suppose 2*w - 3*q = k, -5*w + 107 - 23 = -2*q. What is the highest common factor of w and u?
18
Let f = -4 - 6. Let s be (3/(-2))/(1/f). What is the greatest common factor of 165 and s?
15
Let k be (-5)/(-3) + (-1)/(-3). Suppose -140 = -3*r - y + 228, -k*r + 3*y = -227. What is the greatest common factor of 11 and r?
11
Suppose 6*f - 2*f = -5*z + 40, z - 9 = -f. Suppose -110 = -2*g + 4*y, g = f*y + 23 + 47. Calculate the highest common factor of g and 15.
15
Let h = 4 + -8. Let x be (-3)/(22/12 + -2). Let j = h + x. What is the greatest common factor of 42 and j?
14
Let f(r) = r**2 + 2*r + 7. Let d be f(-3). What is the highest common divisor of 110 and d?
10
Let g = 29 + 31. Suppose -3*a = 4*d + 10, 3*a - 3 + 1 = -d. Suppose a*h = -5*b + 5, 4*h + 2*b - 40 = -2*b. Calculate the highest common factor of h and g.
15
Suppose -4*s + 8 + 4 = 0. Suppose -4*o - 338 = -s*x, 2*x - 4*o + 0*o - 228 = 0. Calculate the highest common factor of x and 22.
22
Let l = 35 - 19. Suppose 2*n + 2*n = l. Let d = 0 + n. What is the greatest common factor of 36 and d?
4
Let l(k) = 7*k + 4. Let q be l(3). Suppose z + q = 6*z. What is the greatest common factor of z and 15?
5
Let v = -52 - -76. Suppose c = 3*c - v. What is the greatest common divisor of c and 6?
6
Suppose 2*o = -3*z + 20, o - 23 = 6*z - z. Calculate the greatest common factor of 13 and o.
13
Let n be (-2)/9 + 4/18. Suppose -d - 3*s + 54 = n, 2*s - 57 = -d - 0*s. Let r = d - -9. Calculate the highest common divisor of r and 9.
9
Let d = 8 + 3. Let f = 0 - -1. What is the highest common divisor of d and f?
1
Suppose 28 = b - 4*y, -4*b + 0 = 5*y - 7. What is the highest common factor of 56 and b?
8
Let n(o) = 5*o - 11. Let a be n(7). What is the highest common factor of 192 and a?
24
Suppose x + 4 = -1. Let n = 8 + x. Suppose n*w - 8 = 2*w. What is the greatest common divisor of w and 16?
8
Let j = -137 + 78. Let m = j + 83. Calculate the greatest common divisor of m and 36.
12
Let w be 48/(-10)*(-25)/10. Calculate the greatest common divisor of 60 and w.
12
Let l = -18 + 26. Suppose -11*a + 16 = -3*a. Calculate the highest common divisor of a and l.
2
Let g = -4 + 16. Let b be (1 - 10)*8/g. Let q = b - -14. What is the greatest common factor of 88 and q?
8
Let s be ((-1)/3)/(2/(-24)). Suppose 3*u - 3*y = 133 - 31, -2*y - 100 = -3*u. What is the greatest common factor of s and u?
4
Let n(p) = p + 2. Let c be n(0). Let i be -1 + (2 - (-1 - 0)). Suppose i*x = v + 36, 0*v = -x - 5*v - 4. What is the highest common divisor of c and x?
2
Let c(p) = p + 10. Let o(g) = 8*g**2 + g + 1. Let i be o(-1). Let k be c(i). What is the greatest common factor of 36 and k?
18
Suppose 4*x - 251 + 13 = j, 0 = -x - 2*j + 64. Suppose -3*b + x = 2*b. Calculate the highest common factor of b and 4.
4
Let q be 0*(-3)/6 + 33. What is the highest common factor of q and 11?
11
Suppose 5*m - 79 = -3*g + m, 3*m = g - 22. Suppose -t = -2*v + g, -5*v - 4*t - 16 + 46 = 0. What is the highest common factor of 5 and v?
5
Let d(c) = -c**2 - 6*c + 200. Let x be d(-14). Let l(b) = -4*b. Let o be l(-2). What is the highest common factor of x and o?
8
Let v be (-6)/4*(-18 + -2). Let i be (-2)/8 + 723/12. Suppose -t + i = 4*t. What is the greatest common divisor of t and v?
6
Let b be 29/3 + (-12)/18. What is the greatest common factor of b and 3?
3
Let b be (-16)/(-2) - (-2 + 2 + -2). What is the highest common divisor of b and 40?
10
Suppose 5*c + 29 = -11. Let s = -43 + 69. Let a = s + c. Calculate the greatest common divisor of 162 and a.
18
Let l be 3*(-2)/3 + 14. Let b(c) = c**3 - 13*c**2 + 16*c + 8. Let i be b(l). Calculate the greatest common factor of i and 7.
7
Let l(x) = -4*x - 11. Let b be l(-10). Let a(q) = q + 1. Let d be a(6). Suppose 2*p - b = d. What is the highest common factor of p and 90?
18
Let g be 0/(-8) + 1*15. What is the greatest common factor of 45 and g?
15
Let k be 86/18 - 18/(-81). What is the highest common factor of 20 and k?
5
Let f be (-20)/6*(-54)/15. Let p be ((-30)/40)/((-2)/16). What is the highest common divisor of p and f?
6
Let z be (-3)/((45/78)/(-5)). What is the greatest common factor of z and 13?
13
Let p = 215 - 197. Calculate the highest common factor of 27 and p.
9
Let y(f) = 2*f - 9. Let b be y(6). What is the greatest common factor of b and 33?
3
Suppose -b - 45 = 2*b + 4*m, 4*m - 15 = b. Let s be b/5 - (0 + -14). Calculate the greatest common divisor of s and 88.
11
Let s = -4 - -7. Let p be -1 + 99 + s/(-1). Calculate the highest common factor of 38 and p.
19
Suppose 3*d - 6*d + 9 = -n, -2*n = 0. Suppose 4*t + z + 0*z = 87, -3*t + d*z = -54. What is the greatest common divisor of 42 and t?
21
Suppose 0*z = -3*z + 45. Calculate the highest common factor of z and 135.
15
Let b(l) = 14*l**2 - 7*l + 8. Let k be b(1). Suppose -r + 225 = 2*r. Calculate the highest common divisor of r and k.
15
Suppose 4*z + 125 = 601. Calculate the greatest common divisor of 17 and z.
17
Suppose 2 + 18 = 5*f. Suppose 2*b - f*p + p - 140 = 0, -5*p = -3*b + 210. What is the highest common divisor of b and 10?
10
Let k(u) = 7*u**2 - 2*u - 5. Let l be k(6). Suppose l = 5*o + 25. What is the greatest common factor of o and 6?
6
Suppose 0 = 5*t + 4*x + 3 - 1, -3*t + 5*x + 21 = 0. Calculate the greatest common divisor of